{"id":27,"date":"2016-03-16T13:42:57","date_gmt":"2016-03-16T12:42:57","guid":{"rendered":"http:\/\/clubvenox.es\/venox\/?page_id=27"},"modified":"2016-03-16T13:43:19","modified_gmt":"2016-03-16T12:43:19","slug":"27-2","status":"publish","type":"page","link":"https:\/\/clubvenox.es\/venox\/27-2\/","title":{"rendered":"Manual de taller"},"content":{"rendered":"<p>Manual de taller de la motocicleta Kymco Venox, tanto para los modelos con motor de carburaci\u00f3n (250) como los de inyecci\u00f3n (250i).<\/p>\n<p>Este manual describe las caracter\u00edsticas t\u00e9cnicas y procesos de mantenimiento y servicio de la motocicleta, y est\u00e1 escrito en ingl\u00e9s. El documento tambi\u00e9n contiene iustraciones y dibujos para guiar el mec\u00e1nico en las operaciones de servicio.<\/p>\n<p>&nbsp;<\/p>\n<h3><a href=\"http:\/\/www.dailymotos.com\/wp-content\/uploads\/2012\/01\/Kymco+Venox+250250i+EN.pdf\" target=\"_blank\">Descargar manual<\/a><\/h3>\n<p>&nbsp;<\/p>\n","protected":false},"excerpt":{"rendered":"<p>Manual de taller de la motocicleta Kymco Venox, tanto para los modelos con motor de carburaci\u00f3n (250) como los de inyecci\u00f3n (250i). Este manual describe las caracter\u00edsticas t\u00e9cnicas y procesos de mantenimiento y servicio de la motocicleta, y est\u00e1 escrito en ingl\u00e9s. El documento tambi\u00e9n contiene iustraciones y dibujos para guiar el mec\u00e1nico en las [&hellip;]<\/p>\n","protected":false},"author":1,"featured_media":0,"parent":0,"menu_order":0,"comment_status":"closed","ping_status":"closed","template":"","meta":{"footnotes":""},"class_list":["post-27","page","type-page","status-publish","hentry"],"_links":{"self":[{"href":"https:\/\/clubvenox.es\/venox\/wp-json\/wp\/v2\/pages\/27","targetHints":{"allow":["GET"]}}],"collection":[{"href":"https:\/\/clubvenox.es\/venox\/wp-json\/wp\/v2\/pages"}],"about":[{"href":"https:\/\/clubvenox.es\/venox\/wp-json\/wp\/v2\/types\/page"}],"author":[{"embeddable":true,"href":"https:\/\/clubvenox.es\/venox\/wp-json\/wp\/v2\/users\/1"}],"replies":[{"embeddable":true,"href":"https:\/\/clubvenox.es\/venox\/wp-json\/wp\/v2\/comments?post=27"}],"version-history":[{"count":2,"href":"https:\/\/clubvenox.es\/venox\/wp-json\/wp\/v2\/pages\/27\/revisions"}],"predecessor-version":[{"id":29,"href":"https:\/\/clubvenox.es\/venox\/wp-json\/wp\/v2\/pages\/27\/revisions\/29"}],"wp:attachment":[{"href":"https:\/\/clubvenox.es\/venox\/wp-json\/wp\/v2\/media?parent=27"}],"curies":[{"name":"wp","href":"https:\/\/api.w.org\/{rel}","templated":true}]}}